57 = p + 1594. Let y = -226 + g. What is the units digit of y?
2
Suppose 3*u = -5*j + 1532, -2*j + 8 = 12. What is the units digit of u + (-3 - (-10)/5)?
3
Suppose 2*n - 52 = -0*n - 5*p, p = n - 26. Let b = n - 25. What is the tens digit of 115 - (-1)/b - -5?
2
Let s = -63 - -67. Let b be 441 - ((-12)/s + 3). Let v = b + -299. What is the tens digit of v?
4
Let z(w) = -4*w + 18. Let r be z(4). Suppose 2*a - 3*a = r, -a + 1228 = 5*m. Suppose 6*n - 144 = m. What is the units digit of n?
5
Suppose 2*y + 11372 = 4*x - 164402, -5*x = 4*y - 219776. What is the thousands digit of x?
3
Let y(g) = 2852*g + 264. What is the thousands digit of y(4)?
1
Let f(n) = 7*n + 15. Let k be f(-2). What is the units digit of (68 + -1)/k + 0?
7
Suppose 4*p - 1346 - 531 = -3*x, 0 = 2*x + 5*p - 1242. Suppose 2*i + x = 25*l - 24*l, -2*l + i = -1259. What is the units digit of l?
9
Let u = 77 + -77. Let k be u + 16 - 5/((-5)/2). Suppose 0 = k*g - 25*g + 63. What is the units digit of g?
9
Let t be 7/(-42) - 37/(-6). Let s be ((80/(-6))/(-1))/(t/27). What is the units digit of (-11)/(165/(-36))*s?
4
Suppose -14*w + 4*w = -15942 - 69858. What is the tens digit of w?
8
Let w(c) = c**3 - 18*c**2 - 17*c - 35. Let a be w(19). What is the units digit of (1/a - (-550)/6) + 3?
5
Suppose 95*t - 34421 = 140*t - 361121. What is the units digit of t?
0
Suppose 45*d = 125456 + 43339. What is the hundreds digit of d?
7
Let v = -1203 - -3890. Let y = v - 1708. What is the tens digit of y?
7
Suppose 13*l - 76781 = -23663. What is the hundreds digit of l?
0
Suppose -s - 2*n + 7 = 0, 2*s + 12*n - 15 = 7*n. Suppose -3*k + 5*x - 68 = -s*k, 2*k - 32 = 4*x. What is the tens digit of k?
2
Suppose 14*h - s = 18*h - 234778, 3*h = 5*s + 176049. What is the tens digit of h?
9
Let z(h) be the third derivative of h**4/12 + 40*h**3/3 - 5*h**2 - 18*h. Let a be (0 + 2 - 2)/2. What is the units digit of z(a)?
0
Let v(w) = 144*w + 2. Let h be v(2). Suppose -126*x = -127*x + 4*b - 65, 4*x = -2*b - 350. Let n = x + h. What is the tens digit of n?
0
Suppose 3*l - 2 = 3*m - 2*m, 2*m + 5*l - 18 = 0. Let k(s) = -s**2 + s + 3. Let i be k(m). What is the tens digit of ((-516)/(-8))/(i/(-6))?
4
Suppose -49*h - 105010 = -51*h - 3*a, 0 = 4*h + 5*a - 210028. What is the tens digit of h?
1
Suppose -165 + 1 = 4*o. Let j = 90 + o. Suppose 2*k = 5*t - 92, 2*t + 5*k - j = -t. What is the units digit of t?
8
Let x(a) = 9*a - 41. Suppose -5*n - n - 180 = 0. Let r = n - -43. What is the tens digit of x(r)?
7
Let o = -260 - -260. Suppose 0 = -0*m - m - 5*j + 289, o = -5*m + j + 1393. What is the tens digit of m?
7
Let d(p) = 351*p + 15451. What is the thousands digit of d(-39)?
1
Let i(t) = -13*t**3 + 92*t**2 + 4*t - 38. What is the ten thousands digit of i(-8)?
1
Suppose -5*w - 1793 + 11573 = 0. Suppose 5*t = c + w, -11*c = -7*c + 4. What is the units digit of t?
1
Let a(h) = 3*h**2 + 2*h + 81. Let t(k) = 3*k**2 + k + 104. Let w(v) = 4*a(v) - 3*t(v). Let o = 6 - -1. What is the units digit of w(o)?
4
Suppose 12*q - 50 = 2*q. Let o(i) = -16*i - 13. Let a(v) = 32*v + 27. Let g(n) = q*o(n) + 3*a(n). What is the units digit of g(8)?
4
Let u(p) = p - 2. Let z be u(2). Suppose 5*l - 1924 + 204 = z. Let i = l + -137. What is the units digit of i?
7
Let v(c) = 41*c**3 + c**2 + 5*c - 2. Let m be v(3). Let w = m + -455. What is the units digit of w?
4
Suppose 0 = -2*o + 8, 8*a - 4*o + 12 = 4*a. Let b be a/(-2 + 25/10). Suppose 3*w = m + 2*m, -b*m = -10. What is the units digit of w?
5
Suppose 2*n + 143 = -63. Let b = -101 - n. What is the units digit of 1*(-235)/(-5) + -1 + b?
8
Let w = 7093 - -277. What is the hundreds digit of w?
3
What is the tens digit of 3*12/(-12) + 28799 + -10?
8
Suppose 6*p - 28 + 10 = 0. Suppose -7 - 74 = -y - 5*r, p*r = 3*y - 297. Suppose 9*f = 10*f - y. What is the units digit of f?
6
Let x(l) = l + 12. Suppose 5*i = 9*i - 20. Suppose -i*w - 25 = 5*c, -c + 7 = -3*w - 12. What is the units digit of x(w)?
6
Let k(a) = -a**2 - 19*a. Let i be -1*(-1)/(4/(-19))*4. Let l be k(i). Suppose l = 3*z + 4*z - 987. What is the units digit of z?
1
What is the thousands digit of (54906/8)/((-9)/(-2)*40/480)?
8
Suppose -27*b + 9496 = -1439. What is the units digit of b?
5
Let g = -17 + 15. Let i(q) = 81*q**2 - 2*q - 1. Let z be i(g). Suppose 11 = -4*y + z. What is the tens digit of y?
7
Let k = 19362 - 8769. What is the thousands digit of k?
0
Let p(d) = -41*d**2 + 3*d + 46. Let w(r) = -40*r**2 + 2*r + 48. Let k(b) = -4*p(b) + 3*w(b). What is the tens digit of k(-4)?
8
Suppose -f + 4*f = -4*u + 883, -f - 212 = -u. Let j = -187 + u. What is the units digit of j?
0
Suppose -2*y = -l - 18650, 5*y - 47213 = 5*l - 588. What is the units digit of y?
5
Let r(m) = -483*m - 73. Let l be r(3). Let w = 3157 + l. What is the hundreds digit of w?
6
Let l(p) = -p**3 - 14*p**2 - 5*p - 9. Let r be l(-14). Suppose -63*w + r*w = -868. Suppose -3*i = 4*b - 567, 3*b + 5*i = i + w. What is the hundreds digit of b?
1
Let m = 4342 + 11786. What is the hundreds digit of m?
1
Suppose 8*d - 4 = 10*d. Let n = d + 2. Suppose -5*z - 3*y + 416 = 0, -4*z + 337 = -n*z + y. What is the tens digit of z?
8
Let h(b) = b**3 - 3*b**2 + 138*b - 36. What is the tens digit of h(13)?
4
Suppose 1401*j - 7390 = 1399*j + 5*k, -j + 5*k = -3675. What is the thousands digit of j?
3
Suppose 4*p + 64 + 34 = -3*t, p = 4*t + 4. Let w be (-4)/(-18) + (-436)/18. What is the units digit of (w/p)/(9/750)?
0
What is the thousands digit of (176/120)/11 + 3 + 2591540/75?
4
Let b = 90 - 143. Let q be (178/3)/((-30)/45). Let a = b - q. What is the tens digit of a?
3
Suppose -d = -5*g + 21, 12 = -8*d + 6*d + 4*g. Suppose d*o + 941 = 3*p - 1774, 0 = 4*p - 3*o - 3613. What is the units digit of p?
1
Suppose 37*j - 23*j - 107100 = -16*j. What is the thousands digit of j?
3
Let c be 2 - ((-2)/(-4) + (-236)/(-8)). Let s(v) = 2*v + 164. What is the tens digit of s(c)?
0
Let d(m) = -348*m - 2379. What is the hundreds digit of d(-22)?
2
Let s = 408 + -408. Let j(p) be the second derivative of -p**4/12 - p**3/2 + 41*p**2/2 - 4*p. What is the tens digit of j(s)?
4
Suppose -2*f + 0*u = -2*u - 32, 3*f + 2*u - 28 = 0. What is the units digit of 163*(-6 - (4 - f))?
6
What is the units digit of 6/7 - (-135382)/(-14)*-1?
1
Suppose 66*q = -119444 + 976542 - 123178. What is the units digit of q?
0
Let s be (1/(-2))/(2/4). Let i(a) = 259*a**2 + 1. Let f(q) = -q**2 - q - 1. Let d(g) = 3*f(g) + i(g). What is the tens digit of d(s)?
5
Let s(v) = -12*v**3 - 23*v**2 - 2*v + 3. Let p be s(-3). Suppose -p + 116 = -5*g. What is the units digit of g?
2
Suppose -2*v + 5356 = -4*l + 5*l, 2*v = l - 5336. Suppose -3*u - l = -8*u - s, -2*s - 2148 = -2*u. What is the units digit of u?
0
Let k = 132 - -357. Suppose 0 = 5*l + m - 511 - 1950, 0 = -l - m + k. What is the tens digit of l?
9
Let s be 1/1 + 2*53/2. Let u(l) = -l**3 - 7*l**2 - 7*l + 11. Let d be u(-6). Let k = s + d. What is the units digit of k?
1
Suppose 4567 = -2*n + 4*r + 25329, -5*r - 20768 = -2*n. What is the ten thousands digit of n?
1
Suppose 12 = -2*z + 6*z + 4*a, 5*z - 16 = -4*a. Let j = z + -4. Suppose j*f - 8*f = -128. What is the units digit of f?
6
Let c(g) = -6*g**2 + 71*g + 634. What is the hundreds digit of c(17)?
1
Let y(u) = -26*u**3 - 2*u**2 + 5*u - 7. Let n(o) be the first derivative of o**3/3 - 42. Let v(f) = -4*n(f) - y(f). What is the tens digit of v(2)?
9
Let v(q) = 2*q**2 - 24*q - 110. Let c be v(28). Let a = c + -745. What is the units digit of a?
1
Let i(n) = 4*n**2 - 72*n - 428. What is the tens digit of i(103)?
9
What is the units digit of 6*1262 - ((-6)/12)/(3/(-36))?
6
Let b(a) = 35*a + 38*a + 404*a + 449*a + 2 - 42. What is the units digit of b(1)?
6
Let h be (4 - 7)/(-1) - 1*9. What is the hundreds digit of 4/(h - -2) - (-448)/2?
2
Suppose 2*f - 1109 = h, -2224 = -3*f + 3*h - 556. Suppose -5*y = -5*j + 2*j - 929, 4*j = 3*y - f. What is the hundreds digit of y?
1
Suppose 4*b - 254224 + 3620 = 2*o, -5*b + 3*o = -313254. What is the ten thousands digit of b?
6
Let c = -1289 - -2035. Suppose -3*f - 3*b = -c - 463, 0 = 5*f - 3*b - 2031. What is the units digit of f?
5
Let c be (1 + 2)/(-3) + 1/(-1). Let k be (-315)/12*c + (-9)/(-6). Suppose -207 = -5*j + 3*f + k, 163 = 3*j - 5*f. What is the units digit of j?
1
Suppose 0 = 